ided by 2332384?
18
Calculate the remainder when 73778023 is divided by 4611126.
7
What is the remainder when 53090795 is divided by 43?
28
Calculate the remainder when 12476839 is divided by 115.
29
Calculate the remainder when 252516 is divided by 6484.
6124
Calculate the remainder when 95159 is divided by 4777.
4396
What is the remainder when 5354350 is divided by 5678?
5674
Calculate the remainder when 3035407 is divided by 1092.
739
What is the remainder when 660124980 is divided by 584?
580
Calculate the remainder when 22907 is divided by 11430.
47
Calculate the remainder when 30708975 is divided by 19.
16
What is the remainder when 7221705 is divided by 1014?
1011
Calculate the remainder when 212431 is divided by 443.
234
Calculate the remainder when 1728060 is divided by 1735.
0
What is the remainder when 519415180 is divided by 2574?
2572
What is the remainder when 668201 is divided by 52?
1
Calculate the remainder when 311843 is divided by 203.
35
What is the remainder when 36847266 is divided by 103?
46
Calculate the remainder when 66806342 is divided by 86.
80
What is the remainder when 913055 is divided by 456454?
147
Calculate the remainder when 3935692 is divided by 225.
217
What is the remainder when 61494399 is divided by 3200?
3199
What is the remainder when 50197 is divided by 3890?
3517
What is the remainder when 64938299 is divided by 3210?
3209
What is the remainder when 212756 is divided by 213?
182
Calculate the remainder when 72716 is divided by 1924.
1528
Calculate the remainder when 24975 is divided by 6068.
703
What is the remainder when 268820 is divided by 192?
20
Calculate the remainder when 3784916 is divided by 1261584.
164
What is the remainder when 12711019 is divided by 1412334?
13
Calculate the remainder when 258409 is divided by 1410.
379
Calculate the remainder when 6345354 is divided by 2521.
2518
Calculate the remainder when 1399272 is divided by 405.
402
Calculate the remainder when 16714716 is divided by 661.
9
What is the remainder when 183698 is divided by 1141?
1138
Calculate the remainder when 6892065 is divided by 1486.
1483
What is the remainder when 1938039 is divided by 103?
94
What is the remainder when 84197 is divided by 1754?
5
What is the remainder when 17036370 is divided by 34?
24
What is the remainder when 61570394 is divided by 15?
14
Calculate the remainder when 390414 is divided by 1914.
1872
Calculate the remainder when 727281 is divided by 26801.
3654
Calculate the remainder when 22260662 is divided by 6473.
15
Calculate the remainder when 4239696 is divided by 1635.
141
Calculate the remainder when 466652 is divided by 51847.
29
Calculate the remainder when 458999 is divided by 555.
14
What is the remainder when 1227025 is divided by 2768?
801
What is the remainder when 1457678 is divided by 751?
738
Calculate the remainder when 336754 is divided by 798.
796
Calculate the remainder when 1431533 is divided by 89470.
13
What is the remainder when 4650132 is divided by 60?
12
What is the remainder when 1533485 is divided by 57?
14
What is the remainder when 71294981 is divided by 4375?
4356
What is the remainder when 53682 is divided by 615?
177
What is the remainder when 15291736 is divided by 108?
16
Calculate the remainder when 5626 is divided by 1838.
112
What is the remainder when 33161148 is divided by 8290285?
8
Calculate the remainder when 41045453 is divided by 658.
71
Calculate the remainder when 358203 is divided by 10533.
81
What is the remainder when 1676752 is divided by 17650?
2
What is the remainder when 2370838 is divided by 820?
218
Calculate the remainder when 50458056 is divided by 12.
0
What is the remainder when 206592944 is divided by 11?
8
Calculate the remainder when 53736 is divided by 760.
536
What is the remainder when 124517 is divided by 375?
17
Calculate the remainder when 253100 is divided by 19450.
250
What is the remainder when 148350 is divided by 49433?
51
What is the remainder when 2189590 is divided by 72?
70
What is the remainder when 36208792 is divided by 1229?
1223
Calculate the remainder when 23702480 is divided by 188.
4
Calculate the remainder when 7257173 is divided by 28.
21
Calculate the remainder when 1671731 is divided by 660.
611
Calculate the remainder when 15702 is divided by 15681.
21
Calculate the remainder when 1872279 is divided by 380.
19
Calculate the remainder when 2661126 is divided by 1467.
1455
What is the remainder when 260782 is divided by 130389?
4
Calculate the remainder when 519303 is divided by 537.
24
Calculate the remainder when 57798673 is divided by 8702.
8691
What is the remainder when 130969 is divided by 26175?
94
What is the remainder when 425106 is divided by 7457?
57
What is the remainder when 85633 is divided by 336?
289
Calculate the remainder when 96691389 is divided by 48345694.
1
What is the remainder when 2487838 is divided by 497495?
363
What is the remainder when 228101 is divided by 9058?
1651
What is the remainder when 2121708 is divided by 911?
900
What is the remainder when 9597140 is divided by 43?
13
What is the remainder when 641795 is divided by 838?
725
Calculate the remainder when 197075242 is divided by 202.
2
Calculate the remainder when 1756479 is divided by 73163.
567
Calculate the remainder when 3711359 is divided by 159.
140
What is the remainder when 24855 is divided by 316?
207
What is the remainder when 2036565 is divided by 2248?
2125
Calculate the remainder when 344076 is divided by 2024.
2020
Calculate the remainder when 186149 is divided by 402.
23
Calculate the remainder when 514412 is divided by 36357.
5414
Calculate the remainder when 5040029 is divided by 2636.
2633
What is the remainder when 2088859 is divided by 6?
1
What is the remainder when 6509609 is divided by 5934?
11
What is the remainder when 127260 is divided by 200?
60
Calculate the remainder when 12984641 is divided by 2867.
2865
What is the remainder when 153710998 is divided by 166?
144
What is the remainder when 132556296 is divided by 25?
21
What is the remainder when 7357751 is divided by 68?
15
Calculate the remainder when 682972 is divided by 115.
102
Calculate the remainder when 4021 is divided by 1123.
652
Calculate the remainder when 1063568 is divided by 626.
620
Calculate the remainder when 9493291 is divided by 555.
16
What is the remainder when 15992280 is divided by 296?
288
What is the remainder when 1184611 is divided by 286?
285
What is the remainder when 566756 is divided by 4?
0
Calculate the remainder when 617567 is divided by 165.
137
What is the remainder when 107828525 is divided by 15404072?
21
Calculate the remainder when 46135549 is divided by 183.
151
What is the remainder when 697454 is divided by 122?
102
What is the remainder when 8636313 is divided by 806?
23
Calculate the remainder when 1182315 is divided by 3018.
2277
Calculate the remainder when 5502797 is divided by 465.
452
What is the remainder when 70598 is divided by 413?
388
What is the remainder when 1815845 is divided by 64794?
1613
Calculate the remainder when 6640199 is divided by 3320072.
55
What is the remainder when 80749 is divided by 5033?
221
Calculate the remainder when 170633 is divided by 10564.
1609
What is the remainder when 29319 is divided by 1123?
121
Calculate the remainder when 24536963 is divided by 11.
0
What is the remainder when 5481471 is divided by 913540?
231
What is the remainder when 340428 is divided by 48632?
4
Calculate the remainder when 686502 is divided by 1582.
1496
What is the remainder when 54094 is divided by 417?
301
What is the remainder when 679918 is divided by 12591?
4
Calculate the remainder when 3739441 is divided by 210.
181
Calculate the remainder when 140891 is divided by 1203.
140
What is the remainder when 100128551 is divided by 6885?
6881
What is the remainder when 71553 is divided by 1448?
601
Calculate the remainder when 4135599 is divided by 1092.
195
What is the remainder when 4766 is divided by 3560?
1206
Calculate the remainder when 29449837 is divided by 29449799.
38
What is the remainder when 414312208 is divided by 130?
128
What is the remainder when 2462610 is divided by 47?
45
What is the remainder when 2291718 is divided by 82?
64
What is the remain